factors of 2 + 24895 - (-9)/(54/(-12))?
5, 13, 383
Suppose q - 3*q + l + 1014 = 0, 5*q + 2*l - 2517 = 0. Let y = -183 + q. What are the prime factors of y?
2, 7, 23
Let m(j) = 11*j + 49. Let l = 98 - 77. Suppose -q + 11 = -y, q = 2*q + 4*y - l. List the prime factors of m(q).
2, 3
List the prime factors of ((2 - 1)*188/(-8))/((-17)/20298).
3, 47, 199
Let o(x) = 27*x. Let t be o(0). Suppose -2*d + 0 - 8 = t, 3*p + 2*d = 3895. List the prime factors of p.
1301
Let u(t) = -t**3 - 10*t**2 - 16*t. Let v be u(-8). List the prime factors of (-3)/(11605/5810 - (v - -2)).
2, 7, 83
What are the prime factors of ((66933/2)/(-37))/(1/(-18))?
3, 67
Suppose -3*q + 39 - 123 = 0. Let u be (-10)/(-40) + 619/4 + -2. What are the prime factors of (u/(-7) + 3)/(4/q)?
2, 3, 11
Let s = 10069 - 5114. List the prime factors of s.
5, 991
Let c = -23710 + 42683. What are the prime factors of c?
18973
Let h be (-160)/(-15)*(-6)/(-4). Suppose -17*u = -13*u - h. Suppose 2*p = 5*p + 4*b - 44, 0 = p + 4*b - u. List the prime factors of p.
2, 5
List the prime factors of ((-286)/(-13) - 18) + (27610 - -3) + -9.
2, 7, 17, 29
Suppose -80 - 416 = -62*l. Suppose l*o = -o + 6093. What are the prime factors of o?
677
Suppose 15 = 49*g - 44*g. Let n(z) = z**3 - 9*z**2 + 9*z - 6. Let f be n(8). Suppose f*m + 3*x + 3 = 0, g*m + 4*x = x + 3. List the prime factors of m.
2, 3
Let k = -34 - -42. Suppose -k*y = -y - 294. Suppose 2*z - 140 = -y. What are the prime factors of z?
7
List the prime factors of (-5)/30*4*(-2700)/8.
3, 5
Let w = -2429 - -1452. Let p = w + 1478. What are the prime factors of p?
3, 167
Suppose 13*l - 9*l = -5*g + 30411, -5*l + 38021 = -g. What are the prime factors of l?
2, 1901
Suppose -4*c - 86687 = -3*d, 34*d - 115634 = 30*d - 2*c. List the prime factors of d.
3, 5, 41, 47
Let i(r) = r**2 - 22*r - 30. Let y be i(-20). Suppose 5*w = c + 2003, -3*w - 4*c = -w - y. List the prime factors of w.
401
Let y(b) = -10989*b + 17565. What are the prime factors of y(-7)?
2, 3, 31, 127
Suppose 0 = y + 5, 20*y = d + 15*y - 14911. List the prime factors of d.
2, 3, 827
What are the prime factors of 165/44*(-22912)/(-48)?
2, 5, 179
Let p = 1195 + 11994. List the prime factors of p.
11, 109
Let d(h) = 218*h - 996. List the prime factors of d(76).
2, 17, 229
Suppose 0 = -4*l + 4*n + 8, 2*l + 0*l = 4*n + 4. Suppose 3*y - 233 = l*s, 0*y - y + s + 76 = 0. Suppose -5*a = -134 - y. What are the prime factors of a?
43
Let w = 28 + -37. Let v = w + 12. List the prime factors of v/(3 - 12*(-32)/(-132)).
3, 11
Let k be 1/(54/390) + (-4)/18. Let a be (-2 - (-21)/k) + 1 + 2. Suppose 4*b = 5*x + 698, 0 = a*b - 0*x + 5*x - 678. What are the prime factors of b?
2, 43
Let s = -237 + 492. Let c be -2*(10/(-3))/((-2)/(-6)). What are the prime factors of (8/c)/(-1*(-3)/s)?
2, 17
Let w(u) = -22*u + 84. Suppose 52*l = 57*l. What are the prime factors of w(l)?
2, 3, 7
Let y be (1*666/(-12))/(6/(-88)). Let x = -454 + y. What are the prime factors of x?
2, 3, 5
Suppose 4*t - 42677 = 5*y + 88096, 0 = y - 3. What are the prime factors of t?
3, 7, 173
List the prime factors of (509/(-2))/(35/(-175)*5/42).
3, 7, 509
Suppose 0 = -292*a - 899958 + 10537357 + 5073561. What are the prime factors of a?
2, 5, 11, 229
Let s = -2925 - -8864. What are the prime factors of s?
5939
Suppose -9*o - 119*o = -2217216. What are the prime factors of o?
2, 3, 2887
Suppose -20 = -3*s - 5, 2*i - 3*s = -25. List the prime factors of i*(5088/(-30) - 2) - 0.
2, 3, 11, 13
Let d(v) = -v + 24. Let k = -5 - -25. Let f be d(k). Suppose -f*a + 26 = -2*a. What are the prime factors of a?
13
Let b(f) = -f**2 + 24*f - 11. Let h be 4/18 + (-3 - (-890)/45). Suppose 0 = 25*a - 26*a + h. What are the prime factors of b(a)?
2, 3
Suppose -3*x + 12887 + 10472 = -30101. List the prime factors of x.
2, 3, 5, 11
Let r(b) = -734*b + 7253. What are the prime factors of r(-71)?
3, 7, 11, 257
Let m = -97 + 189. Let k = m + -90. Suppose 3*u = 5*z - 347, k*z + 207 = 5*z - 3*u. What are the prime factors of z?
2, 5, 7
Let v = -4 + -14. Let p be 9*(v + 3 - 2). Let c = p + 223. What are the prime factors of c?
2, 5, 7
Let d = 392 - 387. Suppose d*n - 6198 + 2313 = 0. List the prime factors of n.
3, 7, 37
Let c(b) be the first derivative of 79*b**3/3 - 5*b**2 + 19*b + 51. What are the prime factors of c(2)?
3, 5, 7
Suppose -5*f + 15 = 0, r - 2*f + 114 = 2*r. Let j(g) = -159*g + 100. Let p be j(1). Let v = p + r. List the prime factors of v.
7
Suppose -7673 = 23*t - 20898. Suppose 51*a - t = 28*a. List the prime factors of a.
5
Let y = 19 + -19. Suppose 3*w + 5 - 11 = y. Suppose -3*o = 2*k - 353, w*o - 204 = -k - 25. List the prime factors of k.
13
Let l be -16*1*(-2)/(-4). Suppose -20*m = 6729 - 6989. What are the prime factors of (-5)/(260/l) + 1168/m?
2, 3, 5
Let q = 4 + 1. Let d(l) = -2*l**2 - 7*l - 4. Let f(n) = -3*n**2 - 8*n - 3. Let o(u) = 7*d(u) - 6*f(u). What are the prime factors of o(q)?
5, 17
Suppose -u + 2*h + 1 = -h, 3*h + 85 = -5*u. Let l = -602 + 430. Let v = u - l. What are the prime factors of v?
2, 79
Let y(d) = -7*d - 4*d**2 + 34 + 5*d**2 - 31. Let g be y(7). Suppose 0 = 4*z + g*w - 99, -w = z - 2*w - 23. What are the prime factors of z?
2, 3
Let n(s) = 578*s**2 + 14*s - 3. What are the prime factors of n(2)?
3, 19, 41
Let y be 2/(-8) - (-4 + (-30)/(-8)). Let h be (13 + -13)*(1/1 + y). Suppose b = -5*f + 202, h = 7*b - 2*b - 5*f - 890. What are the prime factors of b?
2, 7, 13
Let m = -3298 + 5342. List the prime factors of m.
2, 7, 73
Suppose -4*f - 232*a + 229*a = -327417, 0 = 3*a + 27. What are the prime factors of f?
3, 13, 2099
Let q = -19 - -22. Let p be ((-377)/39)/(1/q). Let c = 63 - p. List the prime factors of c.
2, 23
Let t = 3308 + -1676. Let k be (t/60)/((-4)/(-10)). Suppose 9*n - 148 = k. List the prime factors of n.
2, 3
Suppose 3*o + 4*u - 7 = 0, -4*u - u - 25 = -3*o. Suppose b + 5*p - 517 = 0, -2*b + 1511 = b + o*p. Let f = b - 301. What are the prime factors of f?
2, 7
Suppose 444 = -2*x + 6*x. Let q be (-15 + x)/(1/((-16)/(-6))). Let z = -125 + q. List the prime factors of z.
131
Let u(r) = -110*r + 3912. List the prime factors of u(-44).
2, 547
Suppose -2*l = 3*x - 39578, -41*x + 46*x - 4*l - 65912 = 0. List the prime factors of x.
2, 3, 7, 157
Let n = 250 + -243. Suppose -35*u = -n*u - 20692. List the prime factors of u.
739
Suppose 0 = -3*n - 6, 2*a - 87 = 5*n + 37. Suppose 4*p + 54 = 6*p. Let o = a - p. List the prime factors of o.
2, 3, 5
Suppose -113 = j - 3*j + 3*g, g + 241 = 4*j. Suppose j*i = 60*i + 1. Suppose c - i - 3 = 0. List the prime factors of c.
2
List the prime factors of (175*20/1000)/(-1*2/(-7364)).
7, 263
Let b be ((-24)/20)/(3/45). List the prime factors of ((-20)/(-6))/(b/(-3294)).
2, 5, 61
Let w = 30297 + -7503. List the prime factors of w.
2, 3, 29, 131
Suppose 4*h - 30161 = -2*k - 3705, -2*k = -h - 26426. List the prime factors of k.
2, 7, 59
Suppose -55*m - 125 = -56*m. Suppose 47 = 2*o + m. Let v = 195 - o. What are the prime factors of v?
2, 3, 13
Let s(j) = 60*j**2 - 36*j**2 + 11*j**2 + 41 + 3*j - 2*j**3. List the prime factors of s(17).
3, 127
Suppose 0 = 2*r - 1000 - 1322. Suppose 4*s - 2972 = -4*i, s - 428 + r = i. List the prime factors of i.
2, 3, 41
Let d be -4 + 1 - (8 + 2464). List the prime factors of (-16)/((-320)/d)*(-4)/1.
3, 5, 11
Let d(z) be the third derivative of z**6/120 - z**5/12 - 13*z**4/24 - 2*z**3 - 7*z**2. Let p be d(9). Let s = 283 - p. List the prime factors of s.
2, 11
Let h(f) = -f**3 + f. Let p(j) = -6*j**3 - 8*j**2 + 7*j - 26. Let r(d) = 5*h(d) - p(d). Let v be r(-8). Suppose v = -2*t + 444. List the prime factors of t.
3, 67
Suppose -3*f + 36833 = i, -184*f + 61415 = -179*f - 5*i. What are the prime factors of f?
3, 4093
Let z(x) = 4*x**2 + 35*x + 44. Let p be ((-15)/(-2))/(5/(-10)). List the prime factors of z(p).
419
Let q(d) = 14*d**2 - 7*d + 8*d**2 - 60 + 17 - 5*d**3 - 17*d**2. What are the prime factors of q(-7)?
2, 983
Let p be ((-2)/3)/((-2)/426). Let z(y) = -20*y**2 - 256*y - 27. Let a be z(-13). Let o = p + a. What are the prime factors of o?
3, 7
What are the prime factors of 5/50*-4 + 10010/25?
2, 5
Let w be ((-105)/42)/((-10)/8). Suppose 3*v = -b - 1, -w*b + 6 = 2*b + 2*v. Suppose 565 = 3*x - 5*h, -340 = -b*x - 3*h - h. What are the prime facto